= l**3 - 8*l**2 + l - 6. Let c be j(8). Suppose -c*p = 1 + 5. What is the tens digit of h(p)?
1
Let f = 1097 + -698. Let c = -132 + f. What is the tens digit of c?
6
Let w(p) = -p**3 + 7*p**2 - 3*p - p**2 + 4 - 5. Let q = 21 + -17. What is the units digit of w(q)?
9
Let l(m) = 32*m**3 + 6*m**2 - 17*m + 6. What is the thousands digit of l(5)?
4
Let o = 19 + -2. Let w = 28 - o. Let r = 26 - w. What is the units digit of r?
5
Let i be (5 + -74)*(-60)/9. Let d = i - 265. What is the hundreds digit of d?
1
What is the units digit of (29422/141)/((-4)/(-6))?
3
Let k(c) = -4*c**2 - 17*c - 4. Let b be k(-7). What is the units digit of (-4)/16 + b/(-4)?
0
Suppose 18 + 2 = 5*g. Suppose 3*v - 1 = -5*o + 22, -2*o = -2*v + 10. Suppose -192 = -4*m - g*x, -v*m + 3*x = -4*m - 101. What is the units digit of m?
9
Let q(r) be the third derivative of r**5/30 + 13*r**4/24 + r**3 + 10*r**2. What is the tens digit of q(-7)?
1
Suppose -13*a + 11659 = -13717. What is the units digit of a?
2
Let m = -5 + 12. Suppose m*g + 363 = 10*g. What is the hundreds digit of g?
1
Let i = -366 + 706. Suppose 0 = -10*o + 33 + 27. Suppose o*b = b + i. What is the units digit of b?
8
Suppose 6 = 3*m - 3, m - 3205 = -2*k. What is the tens digit of k?
0
Let a = 2027 + 1276. What is the thousands digit of a?
3
Suppose 83*l - 121*l = -74062. What is the hundreds digit of l?
9
Let w be (-1803)/4*28/(-21). Suppose -10*f - w = -1961. What is the hundreds digit of f?
1
Let v(n) = -398*n + 60. Let c be v(6). What is the tens digit of c/(-18) + 2/3?
3
Let r be (-2 - -1) + (-13)/(39/18). Let n(t) = -11*t + 0 - t**2 - 5 - 5. What is the tens digit of n(r)?
1
What is the hundreds digit of ((-4)/5)/(19328/(-2760) - -7)?
2
Suppose -6*a + 4752 = 5*d - 8*a, -d + 3*a + 940 = 0. What is the hundreds digit of d?
9
Suppose 0 = -8*t + 12*t - 224. Suppose -c = -0*c - t. What is the tens digit of 2 - 3/((-12)/c)?
1
Let l = -11 + 11. Suppose -z + 30 + 0 = l. What is the tens digit of z?
3
Suppose 2*t - 360 = -2*t. What is the units digit of (-12)/(-2)*t/27?
0
Suppose 5*k - 3 = 7. Let o(y) be the second derivative of y**5/4 - y**4/12 - y**3/6 + 2*y**2 - 2*y. What is the tens digit of o(k)?
3
Suppose 618 = 6*y - 1710. What is the hundreds digit of y?
3
Let l(h) = 2*h**2 + 3*h + 8. Let o be l(-7). Suppose 2*y + 11 = o. Let d = y - 18. What is the tens digit of d?
1
Let d(y) = -y**3 + 10*y**2 - y + 13. Let b be d(10). Suppose -b*o + 174 = 2*c + 54, 2*o + 3*c - 75 = 0. Suppose 3*p - o = -0*p. What is the tens digit of p?
1
Suppose -7611 - 6369 = -6*z. What is the hundreds digit of z?
3
Let w = -44 + 617. What is the units digit of w?
3
Let k = 17 - 27. Let l = k + 6. Let b = 6 + l. What is the units digit of b?
2
Let c be ((-1855)/3)/(-5) + 1/3. Suppose 5*x - 41 = c. What is the tens digit of x?
3
Let n be 123/12 - (-9)/12. Let z = 15 - n. Let u(y) = 3*y**2 - 7*y + 4. What is the tens digit of u(z)?
2
Let y be (-4)/(-18) + 68/18. Suppose 5*s - 4*s = -w, 5*s = -y*w. What is the units digit of -11*(1 + w - 3)?
2
Let v(w) = -33*w**3 - 17*w**2 + 19*w + 5. What is the units digit of v(-4)?
9
Let d = 156 - 81. Suppose -5*f = -5*a + 35, 5*a + 4*f - 21 = -22. Suppose -5*b = 5*o - d, 2*b + a = o - 6. What is the units digit of o?
3
Suppose 0 = -2*o - 5*r + 18, -2*r + 6 = r. Suppose 4*a + 213 = 5*f - o, 4*f - 158 = -2*a. What is the tens digit of f?
4
Let c(m) = m**3 - m**2 - 2*m. Let n be c(3). Let k = n - 9. Suppose a - 11 + k = 0. What is the units digit of a?
8
Let l(w) be the third derivative of -1/2*w**4 - 1/60*w**5 + w**2 + 0*w + 11/6*w**3 + 0. What is the units digit of l(-9)?
8
Let s(w) = w**3 - 8*w**2 - 3*w - 28. What is the units digit of s(13)?
8
Suppose -2*a - 1378 = -5*w, -3*w + a + 315 = -512. What is the units digit of w?
6
Suppose -h - 17 - 35 = 2*j, -5 = -j. Let b = h - -112. What is the units digit of b?
0
Let x(g) = -7*g - 2. Let j be x(-5). Let s = -11 + j. What is the units digit of s?
2
Let m(k) be the third derivative of -3*k**4/8 + 11*k**3/6 - 14*k**2. What is the tens digit of m(-6)?
6
Let b = 68 - 3. Suppose 0 = -4*v + 3*z + 53, -5*v = -0*v - 5*z - b. Suppose -14 - v = -4*i. What is the units digit of i?
7
Let i(j) = -j**3 + 7*j**2 - 7*j - 4. Let k be i(5). Suppose -k*f - 13 = -79. What is the units digit of f?
6
Let s = 23 + -18. Suppose -2*l = 5*g - 91, 2*l + 124 = s*l + 5*g. What is the units digit of l?
3
Let n(c) = -c**3 + 3*c**2 + 3*c + 7. Let w be n(5). Suppose 3 = -2*b - 29. Let k = b - w. What is the tens digit of k?
1
Let p(n) = -25. Let x(z) = z - 100. Let f(b) = -9*p(b) + 2*x(b). What is the units digit of f(-11)?
3
Suppose -747 - 882 = -3*c. What is the hundreds digit of c?
5
Let n = 23 + -35. Let p = 12 + n. Suppose -j = -11 - p. What is the units digit of j?
1
Let u = -306 + 319. What is the units digit of u?
3
Let i(p) = 4*p**2 + 62*p - 60. What is the thousands digit of i(-32)?
2
Let k = 108 + -50. Let j = 103 - k. Suppose -4*t + 5*u = -j, t - 3*u = -2*t + 33. What is the units digit of t?
0
Let n(u) = 2*u**3 - 15*u**2 + 8*u - 3. Let l be n(7). Suppose -a + 20 = -16. Suppose -b - b = -l, a = h - b. What is the units digit of h?
8
Suppose 0 = -3*j + 4*b + 2459, -4*j = -b + 2*b - 3266. What is the tens digit of j?
1
Let v be 3/1 + -4 + -7. Let j(x) = x**2 + 6*x + 9. What is the units digit of j(v)?
5
Suppose -2*r - 5*w = -1320, -4*r + 13*w + 2660 = 18*w. What is the hundreds digit of r?
6
Let a(q) = 4*q**2 - 2*q - 15. Let g be a(-7). Let p = -155 - -16. Let n = p + g. What is the units digit of n?
6
Suppose -4*i - 5*r = -436, 0*i - 4*r = 2*i - 212. What is the units digit of (-4)/(-2) - (0 - (3 + i))?
9
Let o = 431 + -279. Let r = o + 63. What is the tens digit of r?
1
Suppose 0 = 38*b - 28*b - 1380. What is the hundreds digit of b?
1
Suppose -3*d = -d + 3*a - 223, 0 = d - a - 119. Let j = -51 + d. What is the tens digit of j?
6
What is the hundreds digit of -4 - (9 + -16) - -764?
7
Let w = 1 + 43. Let l(d) = -d**3 - 10*d**2 - 2*d - 18. Let s be l(-10). Suppose -s*r = 3*z - w, 7*z - 2*z - 80 = -2*r. What is the units digit of z?
8
Suppose 4*i + 412 = 4*g, -3*g + 3*i + 93 = -2*g. What is the units digit of g?
8
Let a = -1671 - -3460. What is the thousands digit of a?
1
Let x(w) = -w - 2. Suppose 3 = -2*s - 4*u - 3, 4*s - 3*u - 21 = 0. Suppose -5*a - 34 = 2*z - s*z, -4 = -z. What is the units digit of x(a)?
4
Suppose 4*a - 802 = -2*t, 0*a = 4*a. What is the tens digit of t?
0
Suppose -n = -4*i - 5, -n + 61*i - 1 = 63*i. What is the units digit of n?
1
Let j(z) = 6*z**2 - 3*z**3 + 2*z**3 - 4*z**2 + 2 + 5*z. What is the tens digit of j(-3)?
3
Let t = 6359 + -2038. What is the tens digit of t?
2
Suppose 3*t = -2*v + 360, 3*v - 4*t = v + 360. What is the units digit of 40/v - 313/(-9)?
5
Suppose 32*n - 23369 - 8503 = 0. What is the hundreds digit of n?
9
Let r(d) = d**2 - d + 15. Let h(k) = k**2 + 7*k - 14. Let q be h(-8). What is the units digit of r(q)?
7
Let q be 6/(-2) - (-23)/(-1). Let n = -22 - q. Suppose -5*a + n*r - 59 = -270, 2*a + r = 87. What is the units digit of a?
3
Suppose 2*n = -0*g + 2*g - 12, 2*n - 3*g = -12. What is the tens digit of 315/25*(-20)/n?
4
Suppose 20*a - 260 = 30*a. What is the units digit of (-250)/(-3)*(a/(-4) - 5)?
5
What is the tens digit of 5 + (104/2)/(3/33)?
7
Suppose 8*r - 39 = 5*r. Let p(x) = -x**3 + 14*x**2 - 13*x + 6. Let j be p(r). What is the tens digit of 316/j + (-2)/3?
5
Let n = 644 - -325. What is the hundreds digit of n?
9
Let p = 1082 - 1012. What is the units digit of p?
0
Suppose 2*h - 7*h = -25. Let k(d) = 4*d**2. Let g be k(-1). Suppose 4*t = g*p - 52, -3*p = -4*p + h*t + 29. What is the units digit of p?
9
Let j = -1075 + 1552. What is the units digit of j?
7
Let n be 0 - (24/(-4) - -2). Suppose 0 + 76 = n*t. What is the units digit of t?
9
Suppose -6805 + 2144 = -w. What is the tens digit of w?
6
Let x be (6/(-4))/(1/(-24)). What is the units digit of 4 + ((-48)/x)/(2/(-54))?
0
Let w = 1147 + 343. What is the tens digit of w?
9
Suppose 0 = -2*x + 6, -4*c + 13 = -5*c + 5*x. Let a = c - -2. What is the units digit of a?
4
Let m = -67 + 95. Let v = 32 + m. What is the tens digit of v?
6
Let t be 0/(0 - 9/(-3)). Let v(p) = -p + 3. Let z be v(-5). Suppose t = -11*x + z*x + 69. What is the units digit of x?
3
Let c = -23 + 43. Suppos